{"id":760,"date":"2026-01-31T15:00:57","date_gmt":"2026-01-31T14:00:57","guid":{"rendered":"http:\/\/4.galeriamedytacji.pl\/?page_id=760"},"modified":"2026-04-11T11:53:02","modified_gmt":"2026-04-11T09:53:02","slug":"strona-testowa-wybor-wartosci","status":"publish","type":"page","link":"https:\/\/4.galeriamedytacji.pl\/?page_id=760","title":{"rendered":"Twoja szcz\u0119\u015bliwa gwiazda"},"content":{"rendered":"<meta name=\"viewport\" content=\"width=device-width, initial-scale=1.0\">\r\n<link href=\"https:\/\/fonts.googleapis.com\/css2?family=Montserrat:wght@300;400;600;700;800&display=swap\" rel=\"stylesheet\">\r\n\r\n<div id=\"rozklad-gwiazdy-container\">\r\n   \r\n        \r\n        <div class=\"author-info\">\r\n            <p>\u2726 <span class=\"highlight\">Zatrzymaj si\u0119 na chwil\u0119<\/span> na jednej dobrej my\u015bli lub intencji.<\/p>\r\n            \r\n            <p>Aby rozpocz\u0105\u0107, <span class=\"highlight\">kliknij w tr\u00f3jk\u0105t poni\u017cej<\/span>, poznasz wtedy znaczenie karty nr 1, tj. swoj\u0105 podstawow\u0105 moc. Nast\u0119pnie <span class=\"highlight\">klikaj w karty<\/span> o kolejnych numerach, aby odkry\u0107 pozosta\u0142e moce.<br>\r\n            Kolejne moce maj\u0105 swoje znaczenie (moc realizacji, moc relacji...), poznaj je. Opis funkcji mocy znajduje si\u0119 poni\u017cej.<\/p>\r\n            <p>\u2726 Aby pozna\u0107 definicj\u0119 wylosowanej warto\u015bci <span class=\"highlight\">ponownie kliknij<\/span> w odkryt\u0105 kart\u0119 z nazw\u0105 warto\u015bci. Autorem definicji warto\u015bci jest Dadi Janki.<\/p>\r\n        <\/div>\r\n        \r\n        <div id=\"ui-controls\">\r\n            <button id=\"start-btn\" onclick=\"aktywujRozklad()\">ZACZNIJ<br>LOSOWANIE<\/button>\r\n        <\/div>\r\n    <\/div>\r\n\r\n    <div id=\"star-layout-wrapper\">\r\n        <svg class=\"star-bg-svg\" viewbox=\"0 0 100 100\">\r\n            <polygon points=\"50,2 63,35 98,35 70,57 82,92 50,70 18,92 30,57 2,35 37,35\" \/>\r\n        <\/svg>\r\n\r\n        <div class=\"cards-container\">\r\n            <div class=\"karta-wrap centralna\" id=\"slot-gwiazda\"><\/div>\r\n            <div class=\"karta-wrap rami\u0119\" id=\"slot-1\"><\/div>\r\n            <div class=\"karta-wrap rami\u0119\" id=\"slot-2\"><\/div>\r\n            <div class=\"karta-wrap rami\u0119\" id=\"slot-3\"><\/div>\r\n            <div class=\"karta-wrap rami\u0119\" id=\"slot-4\"><\/div>\r\n            <div class=\"karta-wrap rami\u0119\" id=\"slot-5\"><\/div>\r\n        <\/div>\r\n    <\/div>\r\n\r\n    <div class=\"info-section\">\r\n        <h3 class=\"section-heading\">Znaczenie Twoich mocy<\/h3>\r\n        <div class=\"moce-lista\">\r\n            <p><span>1. Moc podstawowa:<\/span> Tw\u00f3j fundament.<\/p>\r\n            <p><span>2. Moc realizacji:<\/span> energia inicjatywy i si\u0142a do dzia\u0142ania.<\/p>\r\n            <p><span>3. Moc pokonywania przeszk\u00f3d:<\/span> odporno\u015b\u0107 duchowa.<\/p>\r\n            <p><span>4. Moc relacji:<\/span> budowanie harmonii z innymi.<\/p>\r\n            <p><span>5. Moc uzdrowienia przesz\u0142o\u015bci:<\/span> wolno\u015b\u0107 od dawnych ci\u0119\u017car\u00f3w.<\/p>\r\n            <p><span>6. Moc kreowania przysz\u0142o\u015bci:<\/span> tw\u00f3rcza si\u0142a budowania jutra.<\/p>\r\n        <\/div>\r\n    <\/div>\r\n\r\n    \r\n\r\n<style>\r\n#rozklad-gwiazdy-container {\r\n    max-width: 700px; margin: 10px auto; font-family: 'Montserrat', sans-serif;\r\n    background: #ffffff; padding: 20px 10px; border-radius: 30px; text-align: center; color: #555;\r\n    position: relative; box-sizing: border-box;\r\n}\r\n\r\n.main-title { \r\n    color: #8e1271; text-transform: uppercase; letter-spacing: 10px; \r\n    font-weight: 700; font-size: 2.1rem; margin-bottom: 30px; \r\n}\r\n\r\n#start-btn {\r\n    background: #317f76; border: none; color: white;\r\n    width: 190px; height: 170px;\r\n    clip-path: polygon(0% 0%, 100% 0%, 50% 100%);\r\n    font-family: 'Montserrat', sans-serif;\r\n    font-size: 0.9rem; cursor: pointer; font-weight: 600;\r\n    letter-spacing: 2px; transition: 0.3s;\r\n    padding-bottom: 85px; line-height: 1.2;\r\n    display: inline-flex; align-items: center; justify-content: center;\r\n}\r\n#start-btn:hover { background: #26635c; transform: translateY(-3px); }\r\n\r\n\/* JEDNOLITE FORMATOWANIE DLA WSZYSTKICH SEKCJI TEKSTOWYCH *\/\r\n.author-info, .info-section, .bio-container { \r\n    max-width: 500px; \r\n    margin: 30px auto; \r\n    font-family: 'Montserrat', sans-serif; \r\n    line-height: 1.8; \/* WI\u0118KSZA INTERLINIA *\/\r\n    color: #555555; \r\n    text-align: justify; \r\n    font-size: 17px; \/* ROZMIAR JAK W ZNACZENIU MOCY *\/\r\n    font-weight: 500; \r\n}\r\n\r\n.author-info p { margin-bottom: 20px; } \/* ODST\u0118PY MI\u0118DZY ZDANIAMI *\/\r\n.author-info .highlight { color: #8e1271; font-weight: 400; }\r\n\r\n.section-heading {\r\n    margin: 40px 0 25px 0; text-align: center; line-height: 1.4; \r\n    color: #8e1271 !important; font-weight: 700; \r\n    text-transform: uppercase; letter-spacing: 8px; font-size: 1.8rem;\r\n}\r\n\r\n\/* KARTY *\/\r\n.karta-wrap { width: 145px; height: 145px; perspective: 1000px; cursor: pointer; position: absolute; z-index: 5; }\r\n.karta-inner { width: 100%; height: 100%; transition: transform 0.6s cubic-bezier(0.4, 0, 0.2, 1); transform-style: preserve-3d; position: relative; }\r\n.karta-reveal { transform: rotateY(180deg); z-index: 50 !important; }\r\n.centralna { z-index: 60 !important; }\r\n\r\n.front, .back {\r\n    position: absolute; width: 100%; height: 100%; border-radius: 15px; \r\n    display: flex; flex-direction: column; align-items: center; \r\n    box-sizing: border-box; backface-visibility: hidden !important;\r\n}\r\n\r\n.front { background-color: #e0f2f1 !important; border: 2px solid #b2dfdb; color: #317f76; justify-content: center; }\r\n.front .nr-indykator { font-size: 3rem; font-weight: 700; }\r\n.back { \r\n    background-color: #fff9f0 !important; border: 3px solid #8e1271; \r\n    transform: rotateY(180deg); justify-content: center; padding: 15px 10px; z-index: 2;\r\n}\r\n\r\n.karta-star-mini { color: #fdd835; font-size: 1.7rem; line-height: 1; margin-bottom: 5px; }\r\n.nazwa-cnoty { font-size: 1rem; font-weight: 800; text-transform: uppercase; color: #800020; margin-bottom: 6px; }\r\n.definicja-kort { font-size: 0.80rem; font-weight: 600; color: #5c104a; font-style: italic; line-height: 1.3; }\r\n\r\n#star-layout-wrapper { position: relative; width: 100%; height: 520px; margin: 20px auto; }\r\n.star-bg-svg { \r\n    position: absolute; width: 95%; height: 95%; top: 50%; left: 50%; \r\n    transform: translate(-50%, -50%); fill: #fdd835; stroke: #fbc02d; \r\n    stroke-width: 1; opacity: 0.4; pointer-events: none; z-index: 10;\r\n}\r\n\r\n@media (min-width: 769px) {\r\n    #slot-gwiazda { top: 50%; left: 50%; transform: translate(-50%, -50%); width: 160px; height: 160px; }\r\n    #slot-1 { top: 0%; left: 50%; transform: translateX(-50%); }\r\n    #slot-2 { top: 35%; right: 5%; transform: translateY(-50%); }\r\n    #slot-3 { bottom: 5%; right: 20%; }\r\n    #slot-4 { bottom: 5%; left: 20%; }\r\n    #slot-5 { top: 35%; left: 5%; transform: translateY(-50%); }\r\n}\r\n\r\n@media (max-width: 768px) {\r\n    #rozklad-gwiazdy-container { width: 100%; padding: 10px 5px; }\r\n    .main-title { font-size: 1.4rem; letter-spacing: 5px; }\r\n    .author-info, .info-section, .bio-container { max-width: 95%; padding: 0 10px; }\r\n    #start-btn { width: 150px; height: 130px; font-size: 0.95rem; padding-bottom: 55px; }\r\n    #star-layout-wrapper { height: auto; }\r\n    .star-bg-svg { display: none; }\r\n    .cards-container { display: flex; flex-direction: column; align-items: center; gap: 15px; padding: 10px; }\r\n    .karta-wrap { position: static !important; width: 100%; max-width: 280px; height: 180px; }\r\n}\r\n\r\n.moce-lista p { margin-bottom: 15px; text-align: left; }\r\n.moce-lista p span { color: #8e1271; font-weight: 400; }\r\n<\/style>\r\n\r\n<script>\r\nconst biblioteka = [\r\n    {t: \"Akceptacja\", d: \"Przyj\u0119cie rzeczywisto\u015bci\", img: \"https:\/\/4.galeriamedytacji.pl\/wp-content\/uploads\/2022\/02\/1fb.akceptacja.cnotyDJ.png\"},\r\n    {t: \"Bezstronno\u015b\u0107\", d: \"Sprawiedliwy os\u0105d\", img: \"https:\/\/4.galeriamedytacji.pl\/wp-content\/uploads\/2022\/03\/69fb.bezstronnosc.cnotyDJ.png\"},\r\n    {t: \"Bycie dawc\u0105\", d: \"Dzielenie si\u0119 dobrem\", img: \"https:\/\/4.galeriamedytacji.pl\/wp-content\/uploads\/2022\/01\/31fb.byciedawca.cnotyDJ.png\"},\r\n    {t: \"Cierpliwo\u015b\u0107\", d: \"Spokojne czekanie\", img: \"https:\/\/4.galeriamedytacji.pl\/wp-content\/uploads\/2022\/01\/15fb.cierpliwosc.cnotyDJ.png\"},\r\n    {t: \"Cisza\", d: \"Moc regeneracji\", img: \"https:\/\/4.galeriamedytacji.pl\/wp-content\/uploads\/2022\/02\/55fb.cisza_.cnotyDJ.png\"},\r\n    {t: \"Czysto\u015b\u0107\", d: \"Klarowno\u015b\u0107 intacji\", img: \"https:\/\/4.galeriamedytacji.pl\/wp-content\/uploads\/2022\/01\/39fb.czystosc.cnotyDJ.png\"},\r\n    {t: \"Dba\u0142o\u015b\u0107\", d: \"Troska o szczeg\u00f3\u0142y\", img: \"https:\/\/4.galeriamedytacji.pl\/wp-content\/uploads\/2022\/01\/41fb.dbalosc.cnotyDJ.png\"},\r\n    {t: \"Dobre maniery\", d: \"Szacunek w dzia\u0142aniu\", img: \"https:\/\/4.galeriamedytacji.pl\/wp-content\/uploads\/2022\/01\/26fb.maniery.cnotyDJ.png\"},\r\n    {t: \"Dobroczynno\u015b\u0107\", d: \"Szlachetne serce\", img: \"https:\/\/4.galeriamedytacji.pl\/wp-content\/uploads\/2022\/01\/2fb.dobroczynnosc.cnotyDJ.png\"},\r\n    {t: \"Dobro\u0107\", d: \"Wewn\u0119trzne \u015bwiat\u0142o\", img: \"https:\/\/4.galeriamedytacji.pl\/wp-content\/uploads\/2022\/01\/17fb.dobroc.cnotyDJ.png\"},\r\n    {t: \"Docenianie\", d: \"Dostrzeganie warto\u015bci\", img: \"https:\/\/4.galeriamedytacji.pl\/wp-content\/uploads\/2022\/02\/66fb.docenianie.cnotyDJ.png\"},\r\n    {t: \"Dojrza\u0142o\u015b\u0107\", d: \"Pe\u0142nia zrozumienia\", img: \"https:\/\/4.galeriamedytacji.pl\/wp-content\/uploads\/2022\/01\/48fb.dojrzalosc.cnotyDJ.png\"},\r\n    {t: \"Dok\u0142adno\u015b\u0107\", d: \"Precyzja ducha\", img: \"https:\/\/4.galeriamedytacji.pl\/wp-content\/uploads\/2022\/04\/74fb.dokladnosc.cnotyDJ-1.png\"},\r\n    {t: \"Dyscyplina\", d: \"Wewn\u0119trzny \u0142ad\", img: \"https:\/\/4.galeriamedytacji.pl\/wp-content\/uploads\/2022\/01\/18fb.dyscyplina.cnotyDJ.png\"},\r\n    {t: \"Empatia\", d: \"Wsp\u00f3\u0142odczuwanie\", img: \"https:\/\/4.galeriamedytacji.pl\/wp-content\/uploads\/2022\/01\/49fb.empatia.cnotyDJ.png\"},\r\n    {t: \"Entuzjazm\", d: \"Radosna energia\", img: \"https:\/\/4.galeriamedytacji.pl\/wp-content\/uploads\/2022\/02\/09fb.entuzjazm.cnotyDJ.png\"},\r\n    {t: \"Godno\u015b\u0107\", d: \"Poczucie w\u0142asnej warto\u015bci\", img: \"https:\/\/4.galeriamedytacji.pl\/wp-content\/uploads\/2022\/01\/03fb.godnosc.cnotyDJ.png\"},\r\n    {t: \"Gotowo\u015b\u0107\", d: \"Otwarto\u015b\u0107 na chwil\u0119\", img: \"https:\/\/4.galeriamedytacji.pl\/wp-content\/uploads\/2022\/01\/40fb.gotowosc.cnotyDJ.png\"},\r\n    {t: \"Introwersja\", d: \"Podr\u00f3\u017c do wewn\u0105trz\", img: \"https:\/\/4.galeriamedytacji.pl\/wp-content\/uploads\/2022\/01\/34fb.introwersja.cnotyDJ.png\"},\r\n    {t: \"Jedno\u015b\u0107\", d: \"Si\u0142a wsp\u00f3lnoty\", img: \"https:\/\/4.galeriamedytacji.pl\/wp-content\/uploads\/2022\/01\/23fb.jednosc.cnotyDJ.png\"},\r\n    {t: \"Koncentracja\", d: \"Jednopunktowo\u015b\u0107 umys\u0142u\", img: \"https:\/\/4.galeriamedytacji.pl\/wp-content\/uploads\/2022\/04\/75fb.koncentracja.cnotyDJ.png\"},\r\n    {t: \"Kreatywno\u015b\u0107\", d: \"Tw\u00f3rcze my\u015blenie\", img: \"https:\/\/4.galeriamedytacji.pl\/wp-content\/uploads\/2022\/02\/67fb.kreatywnosc.cnotyDJ-1.png\"},\r\n    {t: \"Kr\u00f3lewsko\u015b\u0107\", d: \"Panowanie nad sob\u0105\", img: \"https:\/\/4.galeriamedytacji.pl\/wp-content\/uploads\/2022\/01\/50fb.krolewskosc.cnotyDJ.png\"},\r\n    {t: \"Lekko\u015b\u0107\", d: \"Wolno\u015b\u0107 od ci\u0119\u017caru\", img: \"https:\/\/4.galeriamedytacji.pl\/wp-content\/uploads\/2022\/01\/32fb.lekkosc.cnotyDJ-1.png\"},\r\n    {t: \"\u0141agodno\u015b\u0107\", d: \"Si\u0142a bez przemocy\", img: \"https:\/\/4.galeriamedytacji.pl\/wp-content\/uploads\/2022\/01\/16fb.lagodnosc.cnotyDJ.png\"},\r\n    {t: \"Mi\u0142osierdzie\", d: \"Wielkoduszno\u015b\u0107\", img: \"https:\/\/4.galeriamedytacji.pl\/wp-content\/uploads\/2022\/01\/35fb.milosierdzie.cnotyDJ.png\"},\r\n    {t: \"Mi\u0142o\u015b\u0107\", d: \"Najwy\u017csza energia\", img: \"https:\/\/4.galeriamedytacji.pl\/wp-content\/uploads\/2022\/02\/18fb.milosc.cnotyDJ-1.png\"},\r\n    {t: \"Motywowanie\", d: \"Inspirowanie innych\", img: \"https:\/\/4.galeriamedytacji.pl\/wp-content\/uploads\/2022\/01\/29fb.motywowanie.cnotyDJ.png\"},\r\n    {t: \"Nadzieja\", d: \"Zaufanie do jutra\", img: \"https:\/\/4.galeriamedytacji.pl\/wp-content\/uploads\/2022\/01\/12fb.nadzieja.cnotyDJ.png\"},\r\n    {t: \"Niewinno\u015b\u0107\", d: \"Czysto\u015b\u0107 spojrzenia\", img: \"https:\/\/4.galeriamedytacji.pl\/wp-content\/uploads\/2022\/01\/20fb.niewinnosc.cnotyDJ-1.png\"},\r\n    {t: \"Niezale\u017cno\u015b\u0107\", d: \"Autonomia ducha\", img: \"https:\/\/4.galeriamedytacji.pl\/wp-content\/uploads\/2022\/01\/42fb.niezaleznosc.cnotyDJ.png\"},\r\n    {t: \"Obserwacja\", d: \"Dystans \u015bwiadka\", img: \"https:\/\/4.galeriamedytacji.pl\/wp-content\/uploads\/2022\/01\/54fb.obserwacja.cnotyDJ-1-1.png\"},\r\n    {t: \"Oddanie\", d: \"Lojalno\u015b\u0107 warto\u015bciom\", img: \"https:\/\/4.galeriamedytacji.pl\/wp-content\/uploads\/2022\/02\/62fb.oddanie.cnotyDJ.png\"},\r\n    {t: \"Odpowiedzialno\u015b\u0107\", d: \"\u015awiadomo\u015b\u0107 skutk\u00f3w\", img: \"https:\/\/4.galeriamedytacji.pl\/wp-content\/uploads\/2022\/01\/51fb.odpowiedzialnosc.cnotyDJ.png\"},\r\n    {t: \"Odwaga\", d: \"Pokonanie l\u0119ku\", img: \"https:\/\/4.galeriamedytacji.pl\/wp-content\/uploads\/2022\/03\/68fb.odwaga.cnotyDJ.png\"},\r\n    {t: \"Opanowanie\", d: \"R\u00f3wnowaga emocji\", img: \"https:\/\/4.galeriamedytacji.pl\/wp-content\/uploads\/2022\/01\/04fb.opanowanie.cnotyDJ.png\"},\r\n    {t: \"Otwarto\u015b\u0107\", d: \"Brak uprzedze\u0144\", img: \"https:\/\/4.galeriamedytacji.pl\/wp-content\/uploads\/2022\/01\/22fb.otwartosc.cnotyDJ.png\"},\r\n    {t: \"Pokora\", d: \"S\u0142u\u017cba bez ego\", img: \"https:\/\/4.galeriamedytacji.pl\/wp-content\/uploads\/2022\/02\/43fb.pokora.cnotyDJ.png\"},\r\n    {t: \"Pomaganie\", d: \"Wsparcie bezinteresowne\", img: \"https:\/\/4.galeriamedytacji.pl\/wp-content\/uploads\/2022\/02\/59fb.pomaganie.cnotyDJ.png\"},\r\n    {t: \"Pos\u0142usze\u0144stwo\", d: \"Zgoda z prawd\u0105\", img: \"https:\/\/4.galeriamedytacji.pl\/wp-content\/uploads\/2022\/02\/57fb.posluszenstwo.cnotyDJ.png\"},\r\n    {t: \"Pozytywno\u015b\u0107\", d: \"Dobre nastawienie\", img: \"https:\/\/4.galeriamedytacji.pl\/wp-content\/uploads\/2022\/04\/72fb.pozytywnosc.cnotyDJ.png\"},\r\n    {t: \"Prostota\", d: \"Brak skomplikowania\", img: \"https:\/\/4.galeriamedytacji.pl\/wp-content\/uploads\/2022\/02\/11fb.prostota.cnotyDJ-1.png\"},\r\n    {t: \"Przystosowanie\", d: \"Elastyczno\u015b\u0107 ducha\", img: \"https:\/\/4.galeriamedytacji.pl\/wp-content\/uploads\/2022\/01\/46fb.przystosowanie.cnotyDJ.png\"},\r\n    {t: \"Punktualno\u015b\u0107\", d: \"Szacunek do czasu\", img: \"https:\/\/4.galeriamedytacji.pl\/wp-content\/uploads\/2022\/01\/36fb.punktualnosc.cnotyDJ.png\"},\r\n    {t: \"Rado\u015b\u0107\", d: \"Lekko\u015b\u0107 serca\", img: \"https:\/\/4.galeriamedytacji.pl\/wp-content\/uploads\/2022\/01\/48fb.radosc.cnotyDJ.png\"},\r\n    {t: \"R\u00f3wnowaga\", d: \"Stabilno\u015b\u0107 wewn\u0119trzna\", img: \"https:\/\/4.galeriamedytacji.pl\/wp-content\/uploads\/2022\/02\/61fb.rownowaga.cnotyDJ-1.png\"},\r\n    {t: \"Si\u0142a\", d: \"Odporno\u015b\u0107 duszy\", img: \"https:\/\/4.galeriamedytacji.pl\/wp-content\/uploads\/2022\/01\/24fb.sila_.cnotyDJ-1.png\"},\r\n    {t: \"S\u0142odycz\", d: \"Uprzejmo\u015b\u0107 mowy\", img: \"https:\/\/4.galeriamedytacji.pl\/wp-content\/uploads\/2022\/01\/05fb.slodycz.cnotyDJ.png\"},\r\n    {t: \"Spok\u00f3j\", d: \"Stan ciszy\", img: \"https:\/\/4.galeriamedytacji.pl\/wp-content\/uploads\/2022\/01\/53fb.spokoj.cnotyDJ.png\"},\r\n    {t: \"Stabilno\u015b\u0107\", d: \"Niezmienno\u015b\u0107 celu\", img: \"https:\/\/4.galeriamedytacji.pl\/wp-content\/uploads\/2022\/01\/47fb.stabilnosc.png\"},\r\n    {t: \"Sta\u0142o\u015b\u0107\", d: \"Wytrwa\u0142o\u015b\u0107 w dobrym\", img: \"https:\/\/4.galeriamedytacji.pl\/wp-content\/uploads\/2022\/04\/71fb.stalosc.cnotyDJ-2.png\"},\r\n    {t: \"Szacunek\", d: \"Uznanie godno\u015bci\", img: \"https:\/\/4.galeriamedytacji.pl\/wp-content\/uploads\/2022\/01\/10fb.szacunek.cnotyDJ.png\"},\r\n    {t: \"Szacunek do siebie\", d: \"W\u0142asna godno\u015b\u0107\", img: \"https:\/\/4.galeriamedytacji.pl\/wp-content\/uploads\/2022\/02\/58fb.szacunekdosiebie.cnotyDJ.png\"},\r\n    {t: \"Szczero\u015b\u0107\", d: \"Zgodno\u015b\u0107 z sob\u0105\", img: \"https:\/\/4.galeriamedytacji.pl\/wp-content\/uploads\/2022\/01\/28fb.szczerosc.cnotyDJ.png\"},\r\n    {t: \"Szcz\u0119\u015bcie\", d: \"Wewn\u0119trzny dobrostan\", img: \"https:\/\/4.galeriamedytacji.pl\/wp-content\/uploads\/2022\/01\/38fb.szczescie.cnotyDJ.png\"},\r\n    {t: \"Szczodro\u015b\u0107\", d: \"Hojno\u015b\u0107 ducha\", img: \"https:\/\/4.galeriamedytacji.pl\/wp-content\/uploads\/2022\/02\/44fb.szczodrosc.cnotyDJ.png\"},\r\n    {t: \"Szlachetno\u015b\u0107\", d: \"Wysoka jako\u015b\u0107 bycia\", img: \"https:\/\/4.galeriamedytacji.pl\/wp-content\/uploads\/2022\/01\/25fb.worthy.cnotyDJ.png\"},\r\n    {t: \"\u015amia\u0142o\u015b\u0107\", d: \"Brak wahania\", img: \"https:\/\/4.galeriamedytacji.pl\/wp-content\/uploads\/2022\/04\/73fb.smialosc.cnotyDJ.png\"},\r\n    {t: \"Tolerancja\", d: \"Akceptacja r\u00f3\u017cnic\", img: \"https:\/\/4.galeriamedytacji.pl\/wp-content\/uploads\/2022\/01\/14fb.tolerancja.cnotyDJ.png\"},\r\n    {t: \"Uczciwo\u015b\u0107\", d: \"Prawda w czynie\", img: \"https:\/\/4.galeriamedytacji.pl\/wp-content\/uploads\/2022\/01\/06fb.uczciosc.cnotyDJ.png\"},\r\n    {t: \"Uporz\u0105dkowanie\", d: \"Harmonia otoczenia\", img: \"https:\/\/4.galeriamedytacji.pl\/wp-content\/uploads\/2022\/02\/63fb.uporzadkowanie.cnotyDJ.png\"},\r\n    {t: \"Wiara\", d: \"G\u0142\u0119bokie przekonanie\", img: \"https:\/\/4.galeriamedytacji.pl\/wp-content\/uploads\/2022\/01\/51fb.wiara_.cnotyDJ.png\"},\r\n    {t: \"Wielko\u015b\u0107\", d: \"Wznios\u0142o\u015b\u0107 my\u015bli\", img: \"https:\/\/4.galeriamedytacji.pl\/wp-content\/uploads\/2022\/01\/53fb.wielkosc.cnotyDJ.png\"},\r\n    {t: \"Wnikliwo\u015b\u0107\", d: \"G\u0142\u0119bokie widzenie\", img: \"https:\/\/4.galeriamedytacji.pl\/wp-content\/uploads\/2022\/12\/78fb.Wnikliwosc.cnotyDJ.png\"},\r\n    {t: \"Wolno\u015b\u0107\", d: \"Brak wi\u0119z\u00f3w ego\", img: \"https:\/\/4.galeriamedytacji.pl\/wp-content\/uploads\/2022\/02\/46fb.wolnosc.cnotyDJ.png\"},\r\n    {t: \"Wolno\u015b\u0107 od trosk\", d: \"Lekko\u015b\u0107 umys\u0142u\", img: \"https:\/\/4.galeriamedytacji.pl\/wp-content\/uploads\/2022\/02\/64fb.wolnosc_od_trosk.cnotyDJ.png\"},\r\n    {t: \"Wsp\u00f3\u0142czucie\", d: \"Zrozumienie cierpienia\", img: \"https:\/\/4.galeriamedytacji.pl\/wp-content\/uploads\/2022\/01\/07fb.wspolczucie.cnotyDJ.png\"},\r\n    {t: \"Wsp\u00f3\u0142dzia\u0142anie\", d: \"Wsp\u00f3lny wysi\u0142ek\", img: \"https:\/\/4.galeriamedytacji.pl\/wp-content\/uploads\/2022\/02\/60fb.wspoldzialanie.cnotyDJ.png\"},\r\n    {t: \"Wytrwa\u0142o\u015b\u0107\", d: \"Si\u0142a kontynuacji\", img: \"https:\/\/4.galeriamedytacji.pl\/wp-content\/uploads\/2022\/01\/21fb.wytrwalosc.cnotyDJ.png\"},\r\n    {t: \"Wznios\u0142o\u015b\u0107\", d: \"Czysto\u015b\u0107 idea\u0142\u00f3w\", img: \"https:\/\/4.galeriamedytacji.pl\/wp-content\/uploads\/2022\/01\/08fb.wznioslosc.cnotyDJ.png\"},\r\n    {t: \"Zadowolenie\", d: \"Pe\u0142nia w sobie\", img: \"https:\/\/4.galeriamedytacji.pl\/wp-content\/uploads\/2022\/02\/37fb.zadowolenie.cnotyDJ.png\"},\r\n    {t: \"Zaufanie\", d: \"Poczucie bezpiecze\u0144stwa\", img: \"https:\/\/4.galeriamedytacji.pl\/wp-content\/uploads\/2022\/01\/13fb.zaufanie.cnotyDJ.png\"},\r\n    {t: \"Zmiana\", d: \"Odnowa bycia\", img: \"https:\/\/4.galeriamedytacji.pl\/wp-content\/uploads\/2022\/07\/77fb.Zmiana.cnotyDJ.png\"},\r\n    {t: \"Zdecydowanie\", d: \"Pewno\u015b\u0107 wyboru\", img: \"https:\/\/4.galeriamedytacji.pl\/wp-content\/uploads\/2022\/03\/70fb.zdecydowanie.cnotyDJ.png\"},\r\n    {t: \"Zrozumienie\", d: \"Jasno\u015b\u0107 wgl\u0105du\", img: \"https:\/\/4.galeriamedytacji.pl\/wp-content\/uploads\/2022\/01\/45fb.zrozumienie.cnotyDJ.png\"},\r\n    {t: \"Zwierzchnictwo nad sob\u0105\", d: \"Samokontrola\", img: \"https:\/\/4.galeriamedytacji.pl\/wp-content\/uploads\/2022\/02\/56fb.zwierzchnictwo.cnotyDJ.png\"},\r\n    {t: \"\u017byczliwo\u015b\u0107\", d: \"Dobre \u017cyczenia\", img: \"https:\/\/4.galeriamedytacji.pl\/wp-content\/uploads\/2022\/02\/65fb.zyczliwosc.cnotyDJ.png\"},\r\n    {t: \"Integralno\u015b\u0107\", d: \"Sp\u00f3jno\u015b\u0107 s\u0142\u00f3w i czyn\u00f3w\", img: \"https:\/\/4.galeriamedytacji.pl\/wp-content\/uploads\/2022\/01\/19fb.integralnosc.cnotyDJ.png\"},\r\n    {t: \"Podejmowanie decyzji\", d: \"Moc wyboru\", img: \"https:\/\/4.galeriamedytacji.pl\/wp-content\/uploads\/2022\/12\/83fb.Podejm.decyzji.DJ_.png\"},\r\n    {t: \"\u0141atwo\u015b\u0107\", d: \"Lekko\u015b\u0107 w dzia\u0142aniu\", img: \"https:\/\/4.galeriamedytacji.pl\/wp-content\/uploads\/2022\/01\/26fb.latwosc.png\"}\r\n];\r\n\r\nconst role = [\r\n    { id: \"slot-gwiazda\", n: \"1\" },\r\n    { id: \"slot-1\", n: \"2\" },\r\n    { id: \"slot-2\", n: \"3\" },\r\n    { id: \"slot-3\", n: \"4\" },\r\n    { id: \"slot-4\", n: \"5\" },\r\n    { id: \"slot-5\", n: \"6\" }\r\n];\r\n\r\nlet aktywny = false;\r\n\r\nfunction przygotujKarty() {\r\n    role.forEach(r => {\r\n        const el = document.getElementById(r.id);\r\n        if(!el) return;\r\n        el.innerHTML = `\r\n            <div class=\"karta-inner\" onclick=\"reakcjaNaKlik('${r.id}')\">\r\n                <div class=\"front\">\r\n                    <div class=\"nr-indykator\">${r.n}<\/div>\r\n                <\/div>\r\n                <div class=\"back\">\r\n                    <div class=\"karta-star-mini\">\u2605<\/div>\r\n                    <div class=\"nazwa-cnoty\" id=\"text-${r.id}\"><\/div>\r\n                    <div class=\"definicja-kort\" id=\"def-${r.id}\"><\/div>\r\n                <\/div>\r\n            <\/div>`;\r\n    });\r\n}\r\n\r\nfunction aktywujRozklad() {\r\n    aktywny = true;\r\n    document.getElementById('start-btn').innerHTML = 'SPR\u00d3BUJ<br>PONOWNIE';\r\n    let wymieszane = [...biblioteka].sort(() => 0.5 - Math.random());\r\n    \r\n    role.forEach((r, i) => {\r\n        const inner = document.querySelector(`#${r.id} .karta-inner`);\r\n        inner.classList.remove('karta-reveal');\r\n        \r\n        setTimeout(() => {\r\n            document.getElementById(`text-${r.id}`).innerText = wymieszane[i].t;\r\n            document.getElementById(`def-${r.id}`).innerText = wymieszane[i].d || \"\";\r\n            inner.dataset.link = wymieszane[i].img;\r\n            \r\n            if(r.id === 'slot-gwiazda') {\r\n                inner.classList.add('karta-reveal');\r\n            }\r\n        }, 300);\r\n    });\r\n}\r\n\r\nfunction reakcjaNaKlik(id) {\r\n    if(!aktywny) return;\r\n    const inner = document.querySelector(`#${id} .karta-inner`);\r\n    if(!inner.classList.contains('karta-reveal')) {\r\n        inner.classList.add('karta-reveal');\r\n    } else {\r\n        window.open(inner.dataset.link, '_blank');\r\n    }\r\n}\r\n\r\nprzygotujKarty();\r\n<\/script>\n","protected":false},"excerpt":{"rendered":"","protected":false},"author":1,"featured_media":0,"parent":0,"menu_order":0,"comment_status":"closed","ping_status":"closed","template":"","meta":{"footnotes":""},"class_list":["post-760","page","type-page","status-publish","hentry"],"_links":{"self":[{"href":"https:\/\/4.galeriamedytacji.pl\/index.php?rest_route=\/wp\/v2\/pages\/760","targetHints":{"allow":["GET"]}}],"collection":[{"href":"https:\/\/4.galeriamedytacji.pl\/index.php?rest_route=\/wp\/v2\/pages"}],"about":[{"href":"https:\/\/4.galeriamedytacji.pl\/index.php?rest_route=\/wp\/v2\/types\/page"}],"author":[{"embeddable":true,"href":"https:\/\/4.galeriamedytacji.pl\/index.php?rest_route=\/wp\/v2\/users\/1"}],"replies":[{"embeddable":true,"href":"https:\/\/4.galeriamedytacji.pl\/index.php?rest_route=%2Fwp%2Fv2%2Fcomments&post=760"}],"version-history":[{"count":9,"href":"https:\/\/4.galeriamedytacji.pl\/index.php?rest_route=\/wp\/v2\/pages\/760\/revisions"}],"predecessor-version":[{"id":778,"href":"https:\/\/4.galeriamedytacji.pl\/index.php?rest_route=\/wp\/v2\/pages\/760\/revisions\/778"}],"wp:attachment":[{"href":"https:\/\/4.galeriamedytacji.pl\/index.php?rest_route=%2Fwp%2Fv2%2Fmedia&parent=760"}],"curies":[{"name":"wp","href":"https:\/\/api.w.org\/{rel}","templated":true}]}}